 the value of -3 + (46 + -85 - -45)?
3
What is the value of (-11 - 11 - -41) + -30?
-11
Calculate 4 - ((-5 - (-2 + -6)) + 8 - 2).
-5
-11 + (11 + -7 - (-3 + -3 - -16))
-17
Calculate -2 + 1 + -9 + 39 + -13 + -38.
-22
Evaluate -32 + 50 + -8 - (4 + 0).
6
-3 + (2 - -1) + (-11 - (-13 - -5))
-3
What is (-94 - -90) + 1 + -13?
-16
-8 + (5 - (13 + -5))
-11
Evaluate 1 + 2 + -1 + 10 + -15 + -5.
-8
Calculate -26 - (32 - 65) - 3.
4
Evaluate 5 - ((0 + -14 - -6) + -2 + 41).
-26
What is 21 + (-32 + 8 + 22 - (4 - -1))?
14
Calculate 12 + -3 + -11 - -4.
2
What is (3 - (0 - 10)) + -1 + 1 + 2?
15
13 - (-5 - -11) - 19 - (-25 + 2)
11
13 + (-3 - -9 - 5)
14
What is 17 + -24 + (-3 - -11)?
1
Evaluate (1 - -4) + -17 + (-12 - -19).
-5
What is 11 + (-4 - (6 - 12)) + 4?
17
What is the value of -22 + 15 - (-17 - (3 + -3))?
10
Evaluate 8 - (12 + -20 + 19).
-3
Calculate 11 + 1 - (-878 - -898).
-8
What is the value of 34 + (-42 - -15 - (5 + -18))?
20
Calculate 1 + -5 + 5 - (-19 - -5).
15
What is 16 + -18 + (0 - (-5 + 2 + -2))?
3
Calculate (-324 - -305) + 0 + -14 + -2.
-35
What is 27 + 2 - 12 - 48 - -2?
-29
What is the value of -7 + ((-1 - (0 - 1)) + 3 - -5)?
1
Calculate (-1 - (-5 + 4 + -2)) + (84 - 82).
4
What is (0 - -18 - (122 - 128)) + (-1 - 1)?
22
What is the value of (-45 - -52) + (6 + -11 - -5) + -35?
-28
Calculate 5 - -2 - (-26 + 12 + 41 + -21).
1
1 + -7 + -7 + (26 - 20)
-7
-3 - (-7 - (1 + (-4 - (8 + -8))))
1
Calculate -37 + (52 - 14) + 30.
31
Calculate 4 + 7 - 24 - -36.
23
(-34 - (3 + -17)) + 10
-10
What is 7 + 6 + -18 + 8?
3
Evaluate 2 - (6 - (-7 + 1 + 9 + -9)).
-10
Evaluate (3 - 8 - 0) + (27 - 22).
0
Evaluate (10 - 6) + 2 + -10 - (11 - 2).
-13
Evaluate 27 + 44 + -79 - (0 + 1).
-9
Calculate (17 - 8) + -8 + 1 - (2 - -16).
-16
Calculate (-12 - (-12 - -4)) + 8.
4
Evaluate -24 + 34 + (4 - 9).
5
(32 - -6) + -43 + (25 - -3)
23
Evaluate -16 + (24 + -19 - (-3 - -2)).
-10
-1 + -3 + (12 - -1)
9
(13 - 8) + -2 + -3 - -5
5
Calculate 10 - (-5 + -12 + 9 + 33).
-15
Evaluate 4 + 4 + 7 + -16 + 17.
16
What is the value of 16 + -44 + 11 - -7?
-10
What is -2 - 14 - ((48 - 40) + -3 + -11)?
-10
What is 5 + 17 + -8 + -20?
-6
What is the value of -19 - (-10 + 10 + -11)?
-8
(-7 - (18 + (-14 - -10))) + 3 + -6
-24
(-4 - (1 + 0)) + (-11 - -11 - 3)
-8
19 - (-4 - -2 - (-7 + 3 - 3))
14
Calculate 44 + -29 + -6 + -6.
3
What is 11 - (-14 - (14 + -40))?
-1
What is 54 + -52 - (-10 - -7)?
5
What is (947 - 924) + (-46 - 0)?
-23
What is 8 - ((52 - 41) + -1 + -19)?
17
What is -3 + (-5 - -10) + -3 - (9 - 11)?
1
(-18 - -41) + 2 - 46
-21
What is -5 - (1 + 5 - (-99 + 93))?
-17
What is the value of -16 - (11 + 10) - -62?
25
What is 4 - 5 - 0 - (-7 - 1) - 4?
3
Evaluate (6 - 2) + (-3 + -12 + 9 - 2).
-4
What is the value of 18 - (51 - (36 - 16))?
-13
Calculate -16 + 10 + (-2 - (1 + 24)) + 8.
-25
Calculate 72 + -83 - (-2 + (0 - 3)).
-6
1 - (41 + (-43 - -23))
-20
Calculate (3 - 1) + (-7 + 0 + 14 - 1).
8
0 + -4 + 15 + 0
11
-1 + 4 + -4 + (-4 + -24 - -25)
-4
What is the value of (1 + 7 - 23) + -13 + 21?
-7
What is the value of (0 - -1) + -19 + 40 + (-51 - -15)?
-14
Calculate -21 + 30 + (-17 - (-4 + 8)) - -3.
-9
What is the value of -16 + -20 + 6 + 4?
-26
What is the value of -20 - (6 + 0 + -17 + 8)?
-17
Calculate (1 - 10) + (-6 - (-12 - -3)) + -1.
-7
Evaluate -40 - -49 - (-9 + -1) - (-1 + 5).
15
Calculate 19 + 8 + 18 + -18.
27
Calculate 15 - (20 + -10 + 1 + 9).
-5
What is (13 - (-16 + 48)) + 41 + -4?
18
Evaluate -13 + -3 + 14 - (2 - -7).
-11
-3 + -1 + (-35 - (-8 - -2)) + 12
-21
22 + 0 + (-32 - -13 - -9) + 9
21
Calculate -6 - (-7 - -1) - (-9 - (0 + -2)).
7
Calculate 8 + 2 + -7 + 6 + -7.
2
Calculate 8 + -6 + 2 + (16 + -6 - 5).
9
Calculate 12 + (6 - (5 + (-5 - -3))).
15
Evaluate -9 + 1 + -5 + 18.
5
Calculate 10 - (7 + 1) - (-8 + -1 + 3).
8
Calculate -3 - (0 + -9) - (-8 + 3 + 4).
7
Calculate -864 + 861 - (19 - -2 - 1).
-23
754 + -774 - (-42 - -1)
21
What is the value of -11 + -29 + (19 - 2)?
-23
31 + (29 + -30 + 1 - (3 + -1))
29
94 + -87 + -12 + 1 + 2
-2
What is -13 + 36 + -17 - -12 - 44?
-26
Calculate -1 + -12 - (-38 - (38 - 67)).
-4
Evaluate 23 - (-10 - -4) - (-16 + 23).
22
What is 1 + -2 + -11 - -8?
-4
Evaluate (3 - 0 - 11) + (8 - 2) - 8.
-10
Evaluate (-16 - -10) + -2 + -3.
-11
Evaluate 4 + (5 - (3 - -13) - 1) - 0.
-8
Evaluate -1 + -28 - (-6 - (-23 + 44 - 24)).
-26
(32 - (88 + -12)) + 17
-27
Evaluate (-19 - (-15 - -3)) + -2.
-9
Calculate 4 + (-10 - (-4 - 2)) + 1 + -6.
-5
What is the value of (-9 - (-10 + 26)) + 19?
-6
Evaluate 0 + -4 + 11 - (-21 + 22).
6
What is the value of (1 - 25) + (788 - 741)?
23
What is the value of 6 - (1 + 9 - (5 + 14))?
15
What is the value of -32 + -5 + -2 + -4 + 6 + 14?
-23
What is -25 - (-17 + 5 + 19)?
-32
Evaluate -5 - -4 - (6 + -5 + 4).
-6
What is the value of -4 + 2 + 1 - (1 + 5 - 6)?
-1
Calculate (-1 - -4) + (19 - 3).
19
What is the value of -29 + (-8 - (13 - 18)) + 9?
-23
What is 4 - (9 - (5 - -8) - 9)?
17
Evaluate 6 + -2 - (-10 + 28).
-14
Evaluate 6 + -12 + (0 - (-2 + -9)).
5
Calculate (-4 - 26) + 65 + -23.
12
Evaluate -306 + 312 - (6 - (4 + -2)).
2
Evaluate 16 + (24 - 28) + -13.
-1
What is the value of 16 - (5 + (37 - 20))?
-6
What is the value of -92 + 78 - (5 + -20)?
1
Calculate (10 - 39) + 12 - -22.
5
Calculate (-13 + -6 + 15 - -16) + -18.
-6
What is the value of 10 + (-6 - 4) - -1?
1
7 - 2 - (-47 - -76)
-24
Evaluate 41 - ((30 - 10) + 20).
1
What is (2 - 4 - 5) + -1 - 7?
-15
What is (-16 - -45) + -26 - -31?
34
Evaluate (-7 - 1) + -4 + (8 - -6) + 3.
5
Evaluate ((8 - -7) + -7 - (3 - -1)) + 2.
6
Evaluate -3 - (9 - (30 - 2)) - 2.
14
-22 - (-16 - (-11 - -3))
-14
Calculate -4 + 13 - ((-1 - (6 - 2)) + 4).
10
What is 2 + -2 + 2 + -12 + 8 + 0?
-2
What is the value of -32 + 20 + 4 + -1 + -10 - 0?
-19
Calculate 25 - ((-15 - 17) + 33).
24
What is (3 - 6 - (3 + -4)) + 3?
1
What is (6 + -6 - -8) + 3 - 22?
-11
Evaluate -8 + 11 - (12 + 11).
-20
What is the value of -11 + 5 - -17 - -17?
28
(41 - 11) + -58 + 9
-19
-17 + 16 + (43 - 35)
7
What is the value of -34 - (-13 + -3) - -17?
-1
Calculate -65 + 56 - (-3 + 0).
-6
Calculate 5 + -19 + (-7 - -4) + (-3 - -8).
-12
Evaluate -93 + 76 - (-7 - -5 - (1 + 1)).
-13
Evaluate -3 + (8 + -12 - 7) - (10 - 2).
-22
What is the value of (1 + -3 - -1) + (20 - 17)?
2
Evaluate (-380 - -367) + -3 + 1.
-15
Calculate -56 - -71 - (10 - -3).
2
What is the value of (5 - 13) + 2 + (-3 - -22)?
13
Calculate 0 + -4 + -104 + 123.
15
Calculate 9 - (-5 + (-1 - (-3 + -10))).
2
What is -2 - -13 - (-7 + 22) - (1 - -2)?
-7
6 - (4 - (-5 - (3 + -7 - 2)))
3
2 - (-3 + 12 - 24) - (1 - 5)
21
-6 - (-24 - (11 - (15 + -4)))
18
0 - 2 - ((17 - 39) + 17)
3
1 - -1 - ((-1 - -20) + -14 + -3)
0
Calculate -7 + -5 + 15 - (1 - -5).
-3
Calculate 11 + -1 - (-2612 - -2621).
1
Evaluate (-4 - 0) + (-11 - -21) + (-1 - -1).
6
Calculate 58 + 10 + (-72 - -36).
32
What is the value of ((-23 - 3) + 3 - -11) + 7 + -13?
-18
Calculate 6 - (26 - (1 - -14) - 26).
21
What is (2 - (-3 + 0)) + 2 + 4 + -5?
6
What is 5 - (-4 - -6) - (1 + 6)?
-4
What is the value of (0 + (15 - 8) - 8) + (2 - -1)?
2
Calculate (-4 - -31) + (-13 - (5 - 2 - 7)).
18
Evaluate -8 + (-1 - 8 - 0) + (-10 - -49).
22
Calculate (-12 - -3) + 1 + 14 + -15.
-9
(3 - (-2 + -5)) + 3 + 3
16
What is 0 + 16 + -11 + -3?
2
Calculate -702 + 697 - (19 - -1 - 2).
-23
What is (0 - (-10 + 16 + -4)) + 1 + -13?
-14
What is (8 - (10 + -12) - 7) + -1 + 0?
2
Calculate 14 - 9 - 7 - (-2 + 2).
-2
Calculate 4 + -22 - (-18 + 18).
-18
13 + (-22 - -20 - (4 - -14))
-7
Evaluate 15 - ((0 + -1 + -2 - 6) + 6).
18
What is -9 - (-1 + -4 + (-1 + 7 - 8))?
-2
19 + (5 - 15 - 27)
-18
Evaluate 3 - (-23 - -30) - 2.
-6
What is (17 - 5) + (-1 - -1) + (-17 - -10)?
5
What is (3 - -5 - 2) + (13 + 3 - 21)?
1
What is -2 - (4 - (-5 + 8))?
-3
-4 + -19 - -67 - 32
12
What is the value of -3 + -45 + 20 - -13 - -11?
-4
Evaluate 1 + -5 + 970 + -975.
-9
(-2 - -5) + (-13 + 15 - 9 - -11)
7
What is the value of 20 - (13 + 2 + 3 + -11)?
13
What is -15 - (5 + 15 - (18 + -5))?
-22
Evaluate 3 + 10 + -10 + (-25 - (-2 - -4)).
-24
What is the value of (1 - -2) + (-7 - (-10 + -5)) + -6?
5
What is the value of 16 + (1 - (23 - 11)) + -23?
-18
(29 - 45) + (10 - 1)
-7
(2 + 4 - (15 + -13)) + 17
21
Calculate -9 + 0 + 25 + (-2 - (4 + -10)).
20
-270 + 286 - (-11 + 0)
27
(-10 - -36) + -53 + 7
-20
What is the value of 2 + (-49 - 